93261
What are the prime factors of 183102417?
3, 967, 7013
List the prime factors of 78353243.
5519, 14197
What are the prime factors of 200588873?
8599, 23327
List the prime factors of 311929123.
11, 28357193
What are the prime factors of 140650611?
3, 151, 251, 1237
What are the prime factors of 553692299?
5237, 105727
List the prime factors of 79130944.
2, 613, 2017
List the prime factors of 1061116558.
2, 439, 1208561
What are the prime factors of 126600436?
2, 31650109
List the prime factors of 296991272.
2, 23, 1614083
List the prime factors of 5371780117.
11, 43, 73, 14143
List the prime factors of 372536917.
1193, 312269
List the prime factors of 793350389.
13, 4694381
What are the prime factors of 207913730?
2, 5, 37, 67, 8387
What are the prime factors of 1110865239?
3, 11, 3740287
What are the prime factors of 78975212?
2, 19743803
List the prime factors of 2818057599.
3, 7, 19, 181, 13007
What are the prime factors of 62302648?
2, 1279, 6089
What are the prime factors of 3404393202?
2, 3, 7, 53, 1529377
What are the prime factors of 90304706?
2, 101, 447053
What are the prime factors of 1880237797?
1880237797
List the prime factors of 46615304.
2, 5826913
What are the prime factors of 462241053?
3, 17120039
List the prime factors of 56115732.
2, 3, 4676311
List the prime factors of 294147942.
2, 3, 11, 4456787
What are the prime factors of 143816930?
2, 5, 23, 41, 101, 151
List the prime factors of 4205188290.
2, 3, 5, 140172943
List the prime factors of 48451448.
2, 6056431
What are the prime factors of 2160803489?
13, 193, 861221
What are the prime factors of 226254143?
29, 7801867
What are the prime factors of 244798463?
7, 13, 384299
List the prime factors of 122066705.
5, 24413341
What are the prime factors of 4711531?
11, 107, 4003
List the prime factors of 182282119.
11699, 15581
What are the prime factors of 177228318?
2, 3, 3593, 8221
What are the prime factors of 201109278?
2, 3, 33518213
What are the prime factors of 310629458?
2, 173, 431, 2083
What are the prime factors of 3293457?
3, 1097819
List the prime factors of 1473708874.
2, 11, 66986767
List the prime factors of 75455425.
5, 3018217
List the prime factors of 1185783997.
1657, 715621
List the prime factors of 33387680.
2, 5, 208673
List the prime factors of 850753246.
2, 7, 5483, 11083
List the prime factors of 457464879.
3, 29, 163, 10753
List the prime factors of 274996603.
7, 39285229
What are the prime factors of 543243833?
11, 223, 221461
List the prime factors of 834440361.
3, 31, 463, 19379
List the prime factors of 595036475.
5, 11, 31, 223, 313
List the prime factors of 653080312.
2, 19, 4296581
What are the prime factors of 77528536?
2, 3037, 3191
List the prime factors of 76959559.
109, 706051
List the prime factors of 913425742.
2, 17, 293, 91691
List the prime factors of 87065711.
87065711
List the prime factors of 710609338.
2, 197, 1803577
What are the prime factors of 3486170702?
2, 7, 1423, 174991
List the prime factors of 49656211.
11, 179, 25219
What are the prime factors of 134300837?
11, 12209167
What are the prime factors of 124914603?
3, 11, 3785291
What are the prime factors of 308777559?
3, 102925853
List the prime factors of 2072474416.
2, 129529651
What are the prime factors of 70933031?
13, 5456387
What are the prime factors of 41820962?
2, 20910481
List the prime factors of 2017758.
2, 3, 37, 61, 149
What are the prime factors of 122680690?
2, 5, 11, 53, 1913
What are the prime factors of 4831574464?
2, 29, 2603219
List the prime factors of 11165284.
2, 13, 41, 5237
What are the prime factors of 735468237?
3, 7, 11674099
What are the prime factors of 2675368110?
2, 3, 5, 89178937
What are the prime factors of 24386844?
2, 3, 2032237
What are the prime factors of 38939340?
2, 3, 5, 11, 41, 1439
List the prime factors of 317672255.
5, 63534451
List the prime factors of 146972242.
2, 17, 4322713
What are the prime factors of 2378840475?
3, 5, 11, 2883443
What are the prime factors of 30894859?
107, 173, 1669
What are the prime factors of 556119749?
556119749
What are the prime factors of 6226431076?
2, 1556607769
List the prime factors of 20607154.
2, 10303577
List the prime factors of 39806974.
2, 23, 739, 1171
List the prime factors of 2508271262.
2, 7, 179162233
What are the prime factors of 138763287?
3, 13, 131779
What are the prime factors of 1411686858?
2, 3, 8681, 27103
List the prime factors of 15949299.
3, 5316433
What are the prime factors of 4627300458?
2, 3, 11, 70110613
List the prime factors of 12091327.
277, 43651
List the prime factors of 1068923883.
3, 83, 4292867
List the prime factors of 4058304245.
5, 13049, 62201
List the prime factors of 70228748.
2, 2111, 8317
What are the prime factors of 132689989?
9733, 13633
List the prime factors of 46111641.
3, 15370547
List the prime factors of 254375357.
41, 421, 14737
List the prime factors of 1862343541.
727, 2561683
What are the prime factors of 18354396?
2, 3, 1529533
List the prime factors of 119803522.
2, 17, 283, 12451
What are the prime factors of 125613406?
2, 43, 277, 5273
What are the prime factors of 292745694?
2, 3, 48790949
What are the prime factors of 23991609?
3, 7997203
What are the prime factors of 1553253538?
2, 449, 1729681
List the prime factors of 388849539.
3, 13, 37, 269473
What are the prime factors of 389625627?
3, 107, 283, 4289
What are the prime factors of 10911191?
47, 232153
List the prime factors of 9644656.
2, 7, 86113
What are the prime factors of 1431914870?
2, 5, 143191487
What are the prime factors of 1802655426?
2, 3, 11, 13, 2100997
What are the prime factors of 149364199?
1493, 100043
What are the prime factors of 7955381715?
3, 5, 313, 1171, 1447
List the prime factors of 1059579973.
19, 181, 308107
What are the prime factors of 93140463?
3, 13, 183709
List the prime factors of 5468129031.
3, 15199, 119923
What are the prime factors of 4648631973?
3, 2543, 609337
List the prime factors of 31498601.
47, 271, 2473
List the prime factors of 272450445.
3, 5, 293, 61991
What are the prime factors of 591697575?
3, 5, 7, 97, 1291
What are the prime factors of 1017322944?
2, 3, 11, 131, 3677
What are the prime factors of 2888675705?
5, 41, 14091101
List the prime factors of 892869.
3, 297623
List the prime factors of 73843697.
73843697
What are the prime factors of 11130711?
3, 1459, 2543
What are the prime factors of 5775934983?
3, 7, 13, 41, 181, 2851
What are the prime factors of 5758391543?
47, 3607, 33967
What are the prime factors of 1100235923?
79, 13927037
List the prime factors of 107139345.
3, 5, 7142623
What are the prime factors of 504770802?
2, 3, 1879, 44773
List the prime factors of 130480190.
2, 5, 3271, 3989
What are the prime factors of 178744162?
2, 89372081
What are the prime factors of 116248985?
5, 947, 24551
List the prime factors of 276783439.
241, 419, 2741
List the prime factors of 89279606.
2, 13, 23, 149297
List the prime factors of 2033536886.
2, 1016768443
What are the prime factors of 116083944?
2, 3, 23, 70099
List the prime factors of 1504889184.
2, 3, 15675929
What are the prime factors of 322281428?
2, 7, 23, 1459
What are the prime factors of 1230137564?
2, 307534391
List the prime factors of 885578968.
2, 61, 1201, 1511
List the prime factors of 76398226.
2, 23, 641, 2591
List the prime factors of 164702225.
5, 31, 223, 953
List the prime factors of 779188281.
3, 199, 907, 1439
What are the prime factors of 352533426?
2, 3, 7, 31, 270763
What are the prime factors of 783208496?
2, 7, 17, 24197
What are the prime factors of 1656003567?
3, 2791, 197779
What are the prime factors of 41557317?
3, 229, 241, 251
What are the prime factors of 59005537?
3083, 19139
What are the prime factors of 1190925554?
2, 7, 13, 89, 73523
List the prime factors of 424151091.
3, 7, 13, 37, 13997
List the prime factors of 42425085.
3, 5, 2828339
List the prime factors of 6094652.
2, 1523663
List the prime factors of 435045862.
2, 217522931
What are the prime factors of 100622166?
2, 3, 37, 281, 1613
What are the prime factors of 42333934?
2, 47, 450361
What are the prime factors of 53865352?
2, 31, 217199
List the prime factors of 901614290.
2, 5, 271, 332699
What are the prime factors of 15300083?
23, 665221
List the